i.
11, 13
Let u(w) = -4*w + 37. What are the prime factors of u(-14)?
3, 31
What are the prime factors of 2/4*5*(-67824)/(-360)?
3, 157
What are the prime factors of -1 + 2 - (-1636 + 83)?
2, 3, 7, 37
Let o = 836 - 561. Suppose o + 177 = 4*d. List the prime factors of d.
113
Let z(j) = 1. Let f(l) = l - 20. Let m(w) = -f(w) + 4*z(w). Let n be m(18). Let g = n - 4. What are the prime factors of g?
2
Suppose 4*v = -451 - 397. Let z = v - -373. List the prime factors of z.
7, 23
Let d(y) = y**3 + 19*y**2 - 19*y - 40. Let s be d(-20). Let h = s - -90. List the prime factors of h.
2, 3, 5
List the prime factors of 1 + 1 + (2 - -10) + 4747.
3, 23
Suppose -2*x = 94 + 36. Suppose 0 = f + 17 + 21. Let j = f - x. List the prime factors of j.
3
Let x(a) = a**2 - 4*a - 5. Let r(j) = 10*j + 1 - 2*j - j. Let z be r(1). What are the prime factors of x(z)?
3
Let c = -5 + 8. Suppose 5*w - 140 = -c*y, -3*y + 72 + 32 = -4*w. Suppose 2*j - y - 16 = 0. What are the prime factors of j?
2, 7
List the prime factors of (2 + (-56)/12)*(-294)/4.
2, 7
Suppose 2*o + 3 = -7, -4*f + 101 = -o. Suppose 4 = -5*n + f. Suppose n*h + h = 105. What are the prime factors of h?
3, 7
Let i(m) = -m**3 + 2*m**2 + 8*m. Let j be i(4). Suppose j + 15 = -5*l, -3*l + 85 = 2*w. List the prime factors of w.
47
Suppose -2*q - 757 = -3*m, 0*m - 5*q - 235 = -m. Suppose -4*u + m - 63 = 0. Suppose u = y + 15. What are the prime factors of y?
3, 11
Suppose -32 = -2*q + 2*h, 0 = -5*q - h + 3 + 47. Suppose 4*f = -q - 9. Let r = f - -10. List the prime factors of r.
5
Let w(h) be the first derivative of -h**2 + 3*h - 6. Suppose 5*q - 2*l + 16 + 3 = 0, 10 = -5*q + 5*l. List the prime factors of w(q).
13
Let n(o) = -o**3 + 12*o**2 + 16*o - 9. What are the prime factors of n(6)?
3, 101
Let k(s) = 4*s**2 + s - 2. Let f be k(-2). Let v be (f/(-9))/(32/(-72)). What are the prime factors of -3 - (v - (3 - -40))?
37
Let n = 85 + -85. Suppose n = -232*g + 227*g + 1665. What are the prime factors of g?
3, 37
List the prime factors of (-4851)/(-18) + 4/8.
2, 3, 5
Let h be -19*(6*-1 - -2). Suppose 0 = -6*s + 4*s + h. List the prime factors of s.
2, 19
Suppose -4*g = -67 - 61. Suppose 0 = -6*z - g - 4. List the prime factors of (-238)/z + 2/6.
2, 5
Let j be (-4)/(-14) + 26/7. List the prime factors of 2/2*3*j.
2, 3
Let d = -5 + 3. List the prime factors of d + 2/((-8)/(-252)).
61
Let r = -14 + 14. Suppose -338 = -2*z - 2*k, 4*z + r*z - 680 = -2*k. What are the prime factors of z?
3, 19
Let b = 6535 + -3166. What are the prime factors of b?
3, 1123
Suppose -8*c = 3*c - 583. Let w = c + 32. What are the prime factors of w?
5, 17
Suppose -14 = -3*y + q, -y - 2*q + q = -2. Suppose 3*o + 49 = 4*o + y*c, o + c - 40 = 0. List the prime factors of o.
37
Let o = -44 - -50. Suppose -2*h - 2*b = -4*b - 280, -o = 2*b. What are the prime factors of h?
137
Let h(y) = 65*y - 37. List the prime factors of h(4).
223
Suppose -3*b - 4*t + 5 + 5 = 0, b = 2*t. Suppose -9*z + b*z = -161. List the prime factors of z.
23
Suppose s = 93 + 47. Suppose -5*b - 30 = -s. List the prime factors of b.
2, 11
Suppose -4*y = -4*z - 304, -59*y + 61*y = 4*z + 152. List the prime factors of y.
2, 19
Suppose -15*k + 0*k - 1530 = 0. Let o = k - -129. List the prime factors of o.
3
Suppose 3*q + 0*l - 12 = l, -2*l = 3*q - 3. Suppose 0 = -k - 4*n + 8 - 14, -2*k + 2*n = -8. List the prime factors of k/(q - (-124)/(-44)).
11
Suppose -2*m = -7*m. Let a(l) = l**3 - 3. Let v be a(m). Let d(t) = t**3 + 4*t**2 - 2*t - 2. List the prime factors of d(v).
13
Let n = 53 + 135. What are the prime factors of n?
2, 47
Suppose -3*i - 5*b = 14, -4*i = 5*b + 28 - 6. What are the prime factors of 200/9 - i/(-36)?
2, 11
Suppose 25*t - 85 = 24*t. What are the prime factors of t?
5, 17
Suppose 5*z - 2*z + 3*t + 60 = 0, 2*t + 58 = -3*z. Let u = z - -21. Suppose 27 = u*i - 45. What are the prime factors of i?
2, 3
Let b(c) = -c**2 + 12*c + 1. Let w be b(11). Let k be -3*2*(-46)/w. Let i = k + 11. What are the prime factors of i?
2, 17
Suppose 0 = 2*m + 1 - 5. Suppose m*l - 3*l = p + 20, -86 = 5*p - 2*l. Let c = p + 37. What are the prime factors of c?
19
Let o = 29 + -21. Suppose -o = 5*x - 23. Suppose 79 = x*m + 4. What are the prime factors of m?
5
Let a be 196/70 - (-2)/10. Let n = a + 37. What are the prime factors of n?
2, 5
Suppose 5*s = -2*q + 119, -3*q - 10 = s - 221. List the prime factors of 4/(-6) + 6960/q.
2, 3
Suppose 0 = 5*a - 6*a + 99. Suppose 2*i + i = a. Suppose x - i = 2*w, 2*x + 102 = 5*x - 3*w. What are the prime factors of x?
5, 7
Let b(o) = 3*o**3 + o**2 + 2*o + 1. Let j be b(-1). List the prime factors of 72 - ((-3)/6)/(j/6).
71
Let h be -20*-1*(3 - 2). Let j = h - 11. Suppose j*g = -l + 4*g + 25, 0 = 2*g - 6. What are the prime factors of l?
2, 5
List the prime factors of (20/(-6))/(47/(-141)).
2, 5
Let b = 14 - 15. Let f be -2*((b - 2) + 2). Suppose 0 = f*q + 6, 11 - 60 = -4*m - q. List the prime factors of m.
13
Let q = -1115 + 2075. Suppose 2*g - q = -6*g. What are the prime factors of g?
2, 3, 5
Let z(f) = 4*f**3 - 17*f**2 + 42*f + 7. What are the prime factors of z(9)?
2, 13, 37
Let r be -1 - 0 - (-6 - -1). Suppose r*u + u = 5*o - 830, 3*o + 342 = -2*u. List the prime factors of u/(-27) - 4/18.
2, 3
Let h be 2/(-2) - (-3 - 0). What are the prime factors of (1/2)/(h/312)?
2, 3, 13
Let d = 5 + -3. Suppose -3*z = -4*s - 13 + 49, d*z = -s + 20. What are the prime factors of s/(-8)*120/(-9)?
2, 5
Suppose -36 = r + 3*r. Let x = r - -10. What are the prime factors of -1 - (-35 - (x - 1))?
2, 17
Let i be (-2)/6 + 796/12. Let a be (i/77)/((-1)/(-21)). Suppose 6*h - 4*h = a. List the prime factors of h.
3
Let y(p) = p**3 + 6*p**2 + 7*p + 5. Let h = -9 - -9. Suppose -3*z - 2 - 10 = h. What are the prime factors of y(z)?
3
Let o = 2293 + -1856. What are the prime factors of o?
19, 23
Let u be 13 - 15 - (-5 - -1). Suppose 0 = u*i + 3*c - 2*c - 91, -3*c = 4*i - 181. List the prime factors of i.
2, 23
Suppose -48*o + p + 12123 = -44*o, -2*o = -3*p - 6059. List the prime factors of o.
7, 433
Suppose -17727 - 11799 = -21*k. What are the prime factors of k?
2, 19, 37
Suppose o = 3*o - 26. Let x = o + -9. Suppose -5*u + x*g + 64 = -u, -2*g - 80 = -5*u. List the prime factors of u.
2
Let q(s) = -3*s**3 - 10*s**2 - 17*s - 47. What are the prime factors of q(-9)?
1483
Suppose 4*l + 47 = 2*j + 9, -3*l + j - 27 = 0. Let u = l + 18. Suppose -z = 5*s - 29, -z = 5*s - u*s + 21. What are the prime factors of s?
5
Let x = 13 - 9. Suppose 5*u = x*y + 191, 4*u - 158 = -3*y + y. What are the prime factors of u?
3, 13
Let n(p) = -p**3 + 12*p**2 - 8. Let d be n(12). Let z be 2/d*(3 + 1). What are the prime factors of 7*(z + 25/7)?
2, 3
List the prime factors of (-8 - 99/(-3))*69.
3, 5, 23
Let a = 1467 + -1026. List the prime factors of a.
3, 7
Suppose r - 4*r + 12 = 0. Let i be (r + -13)/(-3)*-1. Let h(y) = 5*y**2 + 3*y + 1. List the prime factors of h(i).
37
Let w be 4/(-54)*3 + (-20)/(-9). Suppose 0 = 5*v + 2*u + 2*u - 703, w*v = 5*u + 268. What are the prime factors of v?
139
Let a = 9 - -1. Let p be (-42)/a*(6 + -16). Suppose v - p = -3*t - 7, 0 = 5*v - 4*t - 194. List the prime factors of v.
2, 19
Let c(h) = -6*h - 73. Let f be c(-16). Suppose -7*m - f + 954 = 0. List the prime factors of m.
7, 19
Let g(u) = -351*u + 218. List the prime factors of g(-10).
2, 233
Let g be 20*(9/3 - 2). Let p be g/25*(-2 + 42). Let a = p - 7. List the prime factors of a.
5
Suppose -2*g - 35*u + 33*u + 5046 = 0, -5*u - 5067 = -2*g. What are the prime factors of g?
2, 3, 421
Let d = 429 + -292. Let k = -185 - -113. Let z = k + d. What are the prime factors of z?
5, 13
Let z be (-5 + -10)/(2/(-2)). Suppose -3*d = z, -3*x = -7*x - d + 647. What are the prime factors of x?
163
List the prime factors of 424/(-53) + -1 + 3865*1.
2, 241
Let y(o) = -o**3 - o + 121. What are the prime factors of y(0)?
11
Suppose 53 = 11*d - 46. Suppose -3*a = 12*w - d*w - 738, 20 = -4*a. List the prime factors of w.
251
What are the prime factors of 226/(((-15)/3)/(-10))?
2, 113
Let y be (6 + -2 + -4)*(2 - 3). Let a(i) = -i**2 - 14*i - 5. Let d be a(-6). Suppose y = -2*g + 33 + d. List the prime factors of g.
2, 19
Let j(n) = n**2 + 2*n + 18. Let s be j(0). Suppose -14*t + s*t - 152 = 0. List the prime factors of (t/4